True
Is 4140337 a multiple of 115?
False
Does 18 divide 1142970004?
False
Is 4507155576 a multiple of 3564?
True
Is 16033438 a multiple of 46?
True
Is 273 a factor of 19175252?
False
Is 3620811648 a multiple of 244?
True
Is 63 a factor of 372997?
False
Does 63 divide 4813343?
False
Is 31160150 a multiple of 2?
True
Does 132 divide 5660021?
False
Does 1353 divide 2697882?
True
Is 73035780 a multiple of 1002?
True
Is 14 a factor of 8507739?
False
Is 790876102 a multiple of 8695?
False
Is 92 a factor of 49723792?
True
Is 14559563 a multiple of 55?
False
Does 169 divide 876323781?
False
Is 34 a factor of 980730272?
True
Is 9 a factor of 466729425?
True
Is 5447947 even?
False
Does 28 divide 76531028?
True
Is 24256890 a multiple of 9?
True
Does 6 divide 37580990?
False
Is 44121870 a multiple of 1290?
True
Does 174 divide 589186246?
False
Does 171 divide 97516774?
False
Does 394 divide 545781802?
True
Does 54 divide 36312408?
True
Does 1908 divide 493786584?
True
Does 5 divide 70348717?
False
Is 398 a factor of 116737237?
False
Does 252 divide 459283356?
True
Is 124 a factor of 40733504?
True
Is 471 a factor of 135440766?
False
Does 11 divide 110894399?
True
Is 66 a factor of 340965938?
False
Is 43 a factor of 342226207?
True
Is 49 a factor of 22900591?
True
Is 6 a factor of 92485103?
False
Is 10970933 a multiple of 17?
True
Is 35908290 a multiple of 506?
True
Does 23 divide 70987131?
True
Is 34527515 a multiple of 23?
False
Does 45 divide 2021283810?
True
Is 11 a factor of 29006934?
True
Is 44809331 a multiple of 15?
False
Is 1401682082 a multiple of 224?
False
Does 386 divide 645145732?
True
Does 2045 divide 11807830?
True
Is 1250 a factor of 156897858?
False
Does 62 divide 103883170?
True
Does 15 divide 200819070?
True
Is 36567021 a multiple of 23?
False
Is 44 a factor of 582745674?
False
Is 33 a factor of 349684467?
True
Does 348 divide 318087312?
True
Is 171 a factor of 58246875?
True
Is 4283 a factor of 875779274?
True
Is 118864550 a multiple of 35?
True
Is 8 a factor of 66424256?
True
Is 32408662 a multiple of 11?
True
Is 11 a factor of 131701570?
True
Is 8867 a factor of 1190056774?
False
Is 160851660 a multiple of 489?
True
Is 121 a factor of 15211809?
False
Does 1594 divide 12249890?
True
Does 347 divide 100720351?
False
Is 91014176 a multiple of 12?
False
Does 464 divide 101918528?
True
Does 1741 divide 1883171683?
False
Is 177 a factor of 336602847?
True
Is 79834650 a multiple of 1094?
True
Is 1005936036 a multiple of 42?
True
Does 5 divide 15103210?
True
Is 12 a factor of 17730036?
True
Is 4393453 a multiple of 137?
True
Is 59504819 a multiple of 410?
False
Does 45 divide 5022237?
False
Does 4 divide 351750454?
False
Does 191 divide 29945935?
True
Is 717 a factor of 1014358542?
True
Does 12 divide 6415699?
False
Does 243 divide 28859144?
False
Is 2993094907 a multiple of 1651?
False
Is 16 a factor of 201626352?
True
Is 301 a factor of 1538994085?
False
Does 147 divide 16924081?
False
Is 52150276 a multiple of 1091?
False
Does 3048 divide 281037792?
True
Is 1042617276 a multiple of 1018?
True
Does 901 divide 72644026?
True
Does 4310 divide 91311660?
True
Is 14 a factor of 840544754?
True
Is 18764379 a multiple of 328?
False
Is 94 a factor of 9373332725?
False
Does 360 divide 21138584?
False
Does 31 divide 16957124?
True
Is 57 a factor of 248590125?
False
Is 45 a factor of 2017401435?
True
Is 589 a factor of 999843992?
True
Is 43737217 a multiple of 561?
False
Is 2119280 a multiple of 4?
True
Is 68 a factor of 3081216?
True
Is 362167513 a multiple of 90?
False
Is 173 a factor of 126554344?
True
Is 5439231 a multiple of 21?
True
Is 61788735 a multiple of 312?
False
Is 2227 a factor of 196717956?
False
Is 11 a factor of 19802929?
False
Is 1999808494 a multiple of 73?
False
Is 658289190 a multiple of 78?
True
Is 7 a factor of 27834079?
True
Does 3309 divide 1174920012?
True
Is 8419822 a multiple of 18?
False
Does 15 divide 289852026?
False
Does 259 divide 59960572?
True
Does 251 divide 7913924?
False
Is 63077200 a multiple of 206?
True
Is 3 a factor of 3912686?
False
Is 55 a factor of 12695664?
False
Does 410 divide 22165808?
False
Is 184 a factor of 9508200?
True
Is 14 a factor of 68011622?
True
Does 217 divide 24624251?
False
Is 184639888 a multiple of 388?
True
Does 204 divide 40997665?
False
Is 80 a factor of 2337303200?
True
Is 13 a factor of 333363251?
True
Is 3035517 a multiple of 4?
False
Does 22 divide 23499982?
True
Is 535 a factor of 1025578936?
False
Is 32188376 a multiple of 11?
True
Is 11696765 a multiple of 527?
True
Is 109 a factor of 5799236?
True
Is 30 a factor of 102890070?
True
Is 8522 a factor of 512606822?
True
Is 1022529 a multiple of 4?
False
Does 4 divide 4054424?
True
Is 123998962 a multiple of 560?
False
Does 3 divide 3901835?
False
Is 58 a factor of 158860679?
False
Does 7 divide 148510860?
False
Is 30 a factor of 220010125?
False
Does 123 divide 244695429?
False
Is 3201191928 a multiple of 162?
True
Does 17 divide 74929342?
False
Is 247985137 a multiple of 1529?
False
Is 7 a factor of 1525023465?
True
Is 2 a factor of 4660883?
False
Does 35 divide 28293521?
False
Is 50 a factor of 527079000?
True
Is 5280847440 a multiple of 66?
True
Is 210 a factor of 506081520?
True
Is 1474 a factor of 6033897077?
False
Does 10392 divide 1256642208?
True
Does 34 divide 39620098?
True
Is 48 a factor of 62596940?
False
Is 42659917 a multiple of 3?
False
Does 1269 divide 266251428?
True
Is 2158242490 a multiple of 238?
False
Is 21 a factor of 262963974?
True
Does 105 divide 5928825?
True
Is 125217827 a multiple of 1832?
False
Is 73115517 a multiple of 1565?
False
Does 5318 divide 1539314683?
False
Is 47552008 a multiple of 40?
False
Is 341 a factor of 28333690?
True
Does 1006 divide 4100495630?
False
Is 434581686 a multiple of 6083?
True
Does 52 divide 101214672?
True
Is 63 a factor of 103930709?
False
Is 98428380 a multiple of 183?
True
Is 208599864 a multiple of 33?
True
Is 306 a factor of 8456310?
True
Does 14 divide 8984587?
False
Is 41289365 a multiple of 56?
False
Is 899 a factor of 87740307?
False
Is 34420969 a multiple of 1709?
True
Is 575619000 a multiple of 2200?
True
Is 166 a factor of 179591416?
True
Does 583 divide 57359621?
True
Is 73 a factor of 136992238?
True
Does 187 divide 173988353?
True
Does 63 divide 97317119?
False
Does 24 divide 23814816?
True
Does 8 divide 1665273360?
True
Does 2094 divide 16037946?
True
Is 702290442 a multiple of 343?
True
Is 424726141 a multiple of 4483?
False
Is 1173370201 a multiple of 33?
False
Is 103 a factor of 33292690?
True
Is 53 a factor of 75542243?
False
Is 250100014 a multiple of 1057?
False
Is 13 a factor of 3523723034?
True
Does 4 divide 644328052?
True
Is 458 a factor of 85656062?
False
Is 1197 a factor of 67400128?
False
Is 651713418 a multiple of 5934?
True
Is 59 a factor of 20269863?
True
Does 110 divide 8748410?
True
Is 214454870 a multiple of 14?
True
Is 4555232 a multiple of 622?
False
Is 96111094 a multiple of 31?
False
Is 25 a factor of 73907200?
True
Is 242 a factor of 697090863?
False
Does 39 divide 1250751953?
False
Is 340 a factor of 383973263?
False
Is 25721774 a multiple of 153?
False
Is 44 a factor of 538976434?
False
Does 2314 divide 639156130?
False
Does 393 divide 1296710181?
True
Is 261257978 a multiple of 167?
False
Is 22 a factor of 831042784?
True
Is 12 a factor of 49892172?
True
Does 17 divide 443678637?
False
Is 2183 a factor of 105480377?
True
Does 12 divide 2553291353?
False
Is 35183652 a multiple of 276?
True
Is 2 a factor of 18344516?
True
Does 226 divide 1575112198?
True
Does 200 divide 171569600?
True
Is 50 a factor of 468918750?
True
Is 107 a factor of 10555274?
False
Does 2804 divide 423531780?
False
Is 22358843 a multiple of 31?
True
Is 2581724234 a multiple of 94?
False
Is 161 a factor of 270605902?
True
Is 757191487 a multiple of 5114?
False
Is 1202312741 a multiple of 134?
False
Is 7 a factor of 252775133?
False
Is 131926748 a multiple of 6?
False
Is 2915 a factor of 609675165?
True
Does 4 divide 1855788?
True
Is 354 a factor of 146370504?
True
Does 157 divide 1062726316?
False
Is 67 a factor of 12981384?
True
Is 147 a factor of 213983784?
True
Does 20 divide 60639642?
False
Does 44 divide 53068524?
False
Does 89 divide 52875879?
True
